{"id":48,"date":"2019-07-10T20:16:36","date_gmt":"2019-07-10T18:16:36","guid":{"rendered":"http:\/\/jaslesvetluska.sk\/?page_id=48"},"modified":"2025-10-22T14:34:09","modified_gmt":"2025-10-22T12:34:09","slug":"galeria","status":"publish","type":"page","link":"https:\/\/jaslesvetluska.sk\/?page_id=48","title":{"rendered":"Gal\u00e9ria"},"content":{"rendered":"\n<p class=\"has-large-font-size\"><strong>Na cest\u00e1ch za z\u00e1\u017eitkami<\/strong><\/p>\n\n\n\nngg_shortcode_0_placeholder\n\n\n\n<p class=\"has-large-font-size\"><strong>Rodinn\u00e9 chv\u00edle v \u0161k\u00f4lke<\/strong><\/p>\n\n\n\nngg_shortcode_1_placeholder\n\n\n\n<p class=\"has-large-font-size\"><strong>Stra\u0161idielka a masky<\/strong><\/p>\n\n\n\nngg_shortcode_2_placeholder\n\n\n\n<p class=\"has-large-font-size\"><strong>Narodeniny pln\u00e9 smiechu<\/strong><\/p>\n\n\n\nngg_shortcode_3_placeholder\n\n\n\n<p class=\"has-large-font-size\"><strong>Na\u0161e vesel\u00e9 MDD<\/strong><\/p>\n\n\n\nngg_shortcode_4_placeholder\n\n\n\n<p class=\"has-large-font-size\"><strong>Spozn\u00e1vame povolania a svet okolo\u00a0n\u00e1s<\/strong><\/p>\n\n\n\nngg_shortcode_5_placeholder\n\n\n\n<p class=\"has-large-font-size\"><strong>Sviato\u010dn\u00e9 a tematick\u00e9 fotenie<\/strong><\/p>\n\n\n\nngg_shortcode_6_placeholder\n","protected":false},"excerpt":{"rendered":"<p>Na cest\u00e1ch za z\u00e1\u017eitkami Rodinn\u00e9 chv\u00edle v \u0161k\u00f4lke Stra\u0161idielka a masky Narodeniny pln\u00e9 smiechu Na\u0161e vesel\u00e9 MDD Spozn\u00e1vame povolania a svet okolo\u00a0n\u00e1s Sviato\u010dn\u00e9 a tematick\u00e9 fotenie<\/p>\n","protected":false},"author":1,"featured_media":0,"parent":0,"menu_order":3,"comment_status":"closed","ping_status":"closed","template":"template-fullwidth.php","meta":{"_monsterinsights_skip_tracking":false,"_monsterinsights_sitenote_active":false,"_monsterinsights_sitenote_note":"","_monsterinsights_sitenote_category":0,"ngg_post_thumbnail":0,"footnotes":""},"class_list":["post-48","page","type-page","status-publish","hentry"],"yoast_head":"<!-- This site is optimized with the Yoast SEO plugin v25.0 - https:\/\/yoast.com\/wordpress\/plugins\/seo\/ -->\n<title>Gal\u00e9ria - S\u00fakromn\u00e9 jasle so \u0161k\u00f4lkou Svetlu\u0161ka<\/title>\n<meta name=\"robots\" content=\"index, follow, max-snippet:-1, max-image-preview:large, max-video-preview:-1\" \/>\n<link rel=\"canonical\" href=\"http:\/\/jaslesvetluska.sk\/?page_id=48\" \/>\n<meta property=\"og:locale\" content=\"sk_SK\" \/>\n<meta property=\"og:type\" content=\"article\" \/>\n<meta property=\"og:title\" content=\"Gal\u00e9ria - S\u00fakromn\u00e9 jasle so \u0161k\u00f4lkou Svetlu\u0161ka\" \/>\n<meta property=\"og:description\" content=\"Na cest\u00e1ch za z\u00e1\u017eitkami Rodinn\u00e9 chv\u00edle v \u0161k\u00f4lke Stra\u0161idielka a masky Narodeniny pln\u00e9 smiechu Na\u0161e vesel\u00e9 MDD Spozn\u00e1vame povolania a svet okolo\u00a0n\u00e1s Sviato\u010dn\u00e9 a tematick\u00e9 fotenie\" \/>\n<meta property=\"og:url\" content=\"http:\/\/jaslesvetluska.sk\/?page_id=48\" \/>\n<meta property=\"og:site_name\" content=\"S\u00fakromn\u00e9 jasle so \u0161k\u00f4lkou Svetlu\u0161ka\" \/>\n<meta property=\"article:modified_time\" content=\"2025-10-22T12:34:09+00:00\" \/>\n<meta name=\"twitter:card\" content=\"summary_large_image\" \/>\n<meta name=\"twitter:label1\" content=\"Predpokladan\u00fd \u010das \u010d\u00edtania\" \/>\n\t<meta name=\"twitter:data1\" content=\"1 min\u00fata\" \/>\n<script type=\"application\/ld+json\" class=\"yoast-schema-graph\">{\"@context\":\"https:\/\/schema.org\",\"@graph\":[{\"@type\":\"WebPage\",\"@id\":\"http:\/\/jaslesvetluska.sk\/?page_id=48\",\"url\":\"http:\/\/jaslesvetluska.sk\/?page_id=48\",\"name\":\"Gal\u00e9ria - S\u00fakromn\u00e9 jasle so \u0161k\u00f4lkou Svetlu\u0161ka\",\"isPartOf\":{\"@id\":\"https:\/\/jaslesvetluska.sk\/#website\"},\"datePublished\":\"2019-07-10T18:16:36+00:00\",\"dateModified\":\"2025-10-22T12:34:09+00:00\",\"breadcrumb\":{\"@id\":\"http:\/\/jaslesvetluska.sk\/?page_id=48#breadcrumb\"},\"inLanguage\":\"sk-SK\",\"potentialAction\":[{\"@type\":\"ReadAction\",\"target\":[\"http:\/\/jaslesvetluska.sk\/?page_id=48\"]}]},{\"@type\":\"BreadcrumbList\",\"@id\":\"http:\/\/jaslesvetluska.sk\/?page_id=48#breadcrumb\",\"itemListElement\":[{\"@type\":\"ListItem\",\"position\":1,\"name\":\"Home\",\"item\":\"http:\/\/jaslesvetluska.sk\/\"},{\"@type\":\"ListItem\",\"position\":2,\"name\":\"Gal\u00e9ria\"}]},{\"@type\":\"WebSite\",\"@id\":\"https:\/\/jaslesvetluska.sk\/#website\",\"url\":\"https:\/\/jaslesvetluska.sk\/\",\"name\":\"S\u00fakromn\u00e9 jasle so \u0161k\u00f4lkou Svetlu\u0161ka\",\"description\":\"\",\"potentialAction\":[{\"@type\":\"SearchAction\",\"target\":{\"@type\":\"EntryPoint\",\"urlTemplate\":\"https:\/\/jaslesvetluska.sk\/?s={search_term_string}\"},\"query-input\":{\"@type\":\"PropertyValueSpecification\",\"valueRequired\":true,\"valueName\":\"search_term_string\"}}],\"inLanguage\":\"sk-SK\"}]}<\/script>\n<!-- \/ Yoast SEO plugin. -->","yoast_head_json":{"title":"Gal\u00e9ria - S\u00fakromn\u00e9 jasle so \u0161k\u00f4lkou Svetlu\u0161ka","robots":{"index":"index","follow":"follow","max-snippet":"max-snippet:-1","max-image-preview":"max-image-preview:large","max-video-preview":"max-video-preview:-1"},"canonical":"http:\/\/jaslesvetluska.sk\/?page_id=48","og_locale":"sk_SK","og_type":"article","og_title":"Gal\u00e9ria - S\u00fakromn\u00e9 jasle so \u0161k\u00f4lkou Svetlu\u0161ka","og_description":"Na cest\u00e1ch za z\u00e1\u017eitkami Rodinn\u00e9 chv\u00edle v \u0161k\u00f4lke Stra\u0161idielka a masky Narodeniny pln\u00e9 smiechu Na\u0161e vesel\u00e9 MDD Spozn\u00e1vame povolania a svet okolo\u00a0n\u00e1s Sviato\u010dn\u00e9 a tematick\u00e9 fotenie","og_url":"http:\/\/jaslesvetluska.sk\/?page_id=48","og_site_name":"S\u00fakromn\u00e9 jasle so \u0161k\u00f4lkou Svetlu\u0161ka","article_modified_time":"2025-10-22T12:34:09+00:00","twitter_card":"summary_large_image","twitter_misc":{"Predpokladan\u00fd \u010das \u010d\u00edtania":"1 min\u00fata"},"schema":{"@context":"https:\/\/schema.org","@graph":[{"@type":"WebPage","@id":"http:\/\/jaslesvetluska.sk\/?page_id=48","url":"http:\/\/jaslesvetluska.sk\/?page_id=48","name":"Gal\u00e9ria - S\u00fakromn\u00e9 jasle so \u0161k\u00f4lkou Svetlu\u0161ka","isPartOf":{"@id":"https:\/\/jaslesvetluska.sk\/#website"},"datePublished":"2019-07-10T18:16:36+00:00","dateModified":"2025-10-22T12:34:09+00:00","breadcrumb":{"@id":"http:\/\/jaslesvetluska.sk\/?page_id=48#breadcrumb"},"inLanguage":"sk-SK","potentialAction":[{"@type":"ReadAction","target":["http:\/\/jaslesvetluska.sk\/?page_id=48"]}]},{"@type":"BreadcrumbList","@id":"http:\/\/jaslesvetluska.sk\/?page_id=48#breadcrumb","itemListElement":[{"@type":"ListItem","position":1,"name":"Home","item":"http:\/\/jaslesvetluska.sk\/"},{"@type":"ListItem","position":2,"name":"Gal\u00e9ria"}]},{"@type":"WebSite","@id":"https:\/\/jaslesvetluska.sk\/#website","url":"https:\/\/jaslesvetluska.sk\/","name":"S\u00fakromn\u00e9 jasle so \u0161k\u00f4lkou Svetlu\u0161ka","description":"","potentialAction":[{"@type":"SearchAction","target":{"@type":"EntryPoint","urlTemplate":"https:\/\/jaslesvetluska.sk\/?s={search_term_string}"},"query-input":{"@type":"PropertyValueSpecification","valueRequired":true,"valueName":"search_term_string"}}],"inLanguage":"sk-SK"}]}},"_links":{"self":[{"href":"https:\/\/jaslesvetluska.sk\/index.php?rest_route=\/wp\/v2\/pages\/48","targetHints":{"allow":["GET"]}}],"collection":[{"href":"https:\/\/jaslesvetluska.sk\/index.php?rest_route=\/wp\/v2\/pages"}],"about":[{"href":"https:\/\/jaslesvetluska.sk\/index.php?rest_route=\/wp\/v2\/types\/page"}],"author":[{"embeddable":true,"href":"https:\/\/jaslesvetluska.sk\/index.php?rest_route=\/wp\/v2\/users\/1"}],"replies":[{"embeddable":true,"href":"https:\/\/jaslesvetluska.sk\/index.php?rest_route=%2Fwp%2Fv2%2Fcomments&post=48"}],"version-history":[{"count":5,"href":"https:\/\/jaslesvetluska.sk\/index.php?rest_route=\/wp\/v2\/pages\/48\/revisions"}],"predecessor-version":[{"id":372,"href":"https:\/\/jaslesvetluska.sk\/index.php?rest_route=\/wp\/v2\/pages\/48\/revisions\/372"}],"wp:attachment":[{"href":"https:\/\/jaslesvetluska.sk\/index.php?rest_route=%2Fwp%2Fv2%2Fmedia&parent=48"}],"curies":[{"name":"wp","href":"https:\/\/api.w.org\/{rel}","templated":true}]}}

Galéria

<p class="has-large-font-size"><strong>Na cestách za zážitkami</strong></p>



ngg_shortcode_0_placeholder



<p class="has-large-font-size"><strong>Rodinné chvíle v škôlke</strong></p>



ngg_shortcode_1_placeholder



<p class="has-large-font-size"><strong>Strašidielka a masky</strong></p>



ngg_shortcode_2_placeholder



<p class="has-large-font-size"><strong>Narodeniny plné smiechu</strong></p>



ngg_shortcode_3_placeholder



<p class="has-large-font-size"><strong>Naše veselé MDD</strong></p>



ngg_shortcode_4_placeholder



<p class="has-large-font-size"><strong>Spoznávame povolania a svet okolo nás</strong></p>



ngg_shortcode_5_placeholder



<p class="has-large-font-size"><strong>Sviatočné a tematické fotenie</strong></p>



ngg_shortcode_6_placeholder

<p>Na cestách za zážitkami Rodinné chvíle v škôlke Strašidielka a masky Narodeniny plné smiechu Naše veselé MDD Spoznávame povolania a svet okolo nás Sviatočné a tematické fotenie</p>

<!-- This site is optimized with the Yoast SEO plugin v25.0 - https://yoast.com/wordpress/plugins/seo/ -->
<title>Galéria - Súkromné jasle so škôlkou Svetluška</title>
<meta name="robots" content="index, follow, max-snippet:-1, max-image-preview:large, max-video-preview:-1" />
<link rel="canonical" href="http://jaslesvetluska.sk/?page_id=48" />
<meta property="og:locale" content="sk_SK" />
<meta property="og:type" content="article" />
<meta property="og:title" content="Galéria - Súkromné jasle so škôlkou Svetluška" />
<meta property="og:description" content="Na cestách za zážitkami Rodinné chvíle v škôlke Strašidielka a masky Narodeniny plné smiechu Naše veselé MDD Spoznávame povolania a svet okolo nás Sviatočné a tematické fotenie" />
<meta property="og:url" content="http://jaslesvetluska.sk/?page_id=48" />
<meta property="og:site_name" content="Súkromné jasle so škôlkou Svetluška" />
<meta property="article:modified_time" content="2025-10-22T12:34:09+00:00" />
<meta name="twitter:card" content="summary_large_image" />
<meta name="twitter:label1" content="Predpokladaný čas čítania" />
	<meta name="twitter:data1" content="1 minúta" />
<script type="application/ld+json" class="yoast-schema-graph">{"@context":"https://schema.org","@graph":[{"@type":"WebPage","@id":"http://jaslesvetluska.sk/?page_id=48","url":"http://jaslesvetluska.sk/?page_id=48","name":"Galéria - Súkromné jasle so škôlkou Svetluška","isPartOf":{"@id":"https://jaslesvetluska.sk/#website"},"datePublished":"2019-07-10T18:16:36+00:00","dateModified":"2025-10-22T12:34:09+00:00","breadcrumb":{"@id":"http://jaslesvetluska.sk/?page_id=48#breadcrumb"},"inLanguage":"sk-SK","potentialAction":[{"@type":"ReadAction","target":["http://jaslesvetluska.sk/?page_id=48"]}]},{"@type":"BreadcrumbList","@id":"http://jaslesvetluska.sk/?page_id=48#breadcrumb","itemListElement":[{"@type":"ListItem","position":1,"name":"Home","item":"http://jaslesvetluska.sk/"},{"@type":"ListItem","position":2,"name":"Galéria"}]},{"@type":"WebSite","@id":"https://jaslesvetluska.sk/#website","url":"https://jaslesvetluska.sk/","name":"Súkromné jasle so škôlkou Svetluška","description":"","potentialAction":[{"@type":"SearchAction","target":{"@type":"EntryPoint","urlTemplate":"https://jaslesvetluska.sk/?s={search_term_string}"},"query-input":{"@type":"PropertyValueSpecification","valueRequired":true,"valueName":"search_term_string"}}],"inLanguage":"sk-SK"}]}</script>
<!-- / Yoast SEO plugin. -->

Galéria - Súkromné jasle so škôlkou Svetluška

Na cestách za zážitkami Rodinné chvíle v škôlke Strašidielka a masky Narodeniny plné smiechu Naše veselé MDD Spoznávame povolania a svet okolo nás Sviatočné a tematické fotenie

Súkromné jasle so škôlkou Svetluška

1 minúta
