{"id":125,"date":"2024-06-09T17:18:30","date_gmt":"2024-06-09T15:18:30","guid":{"rendered":"http:\/\/jaslesvetluska.sk\/?page_id=125"},"modified":"2024-06-09T17:30:15","modified_gmt":"2024-06-09T15:30:15","slug":"pre-rodicov","status":"publish","type":"page","link":"https:\/\/jaslesvetluska.sk\/?page_id=125","title":{"rendered":"Pre rodi\u010dov"},"content":{"rendered":"<h3 style=\"color: #f16c20;\">Denn\u00fd program<\/h3>\n<p>Pravideln\u00fd denn\u00fd program zah\u0155\u0148a hru, hrov\u00e9 aktivity, pohybov\u00e9 cvi\u010denie, pobyt vonku, odpo\u010dinok a eduka\u010dn\u00e9 \u010dinnosti. Deti si v podnetnom prostred\u00ed zariadenia m\u00f4\u017eu zdokonalova\u0165 svoje praktick\u00e9 zru\u010dnosti. Pom\u00e1hame im navykn\u00fa\u0165 si na poriadok a \u010dinnosti ka\u017edodenn\u00e9ho re\u017eimu. Zdokona\u013euj\u00fa si jemn\u00fa motoriku, ovl\u00e1danie svojich pohybov, ro\u00fdv\u00edjanie osobnostn\u00fdch a soci\u00e1lnych kompetenci\u00ed.<\/p>\n<p>V\u010dasn\u00e9 rann\u00e9 pr\u00edchody s\u00fa ve\u013emi d\u00f4le\u017eit\u00e9, preto\u017ee de\u0148 za\u010d\u00edname rann\u00fdm kruhom, kde si povieme \u010do n\u00e1s v\u0161etko \u010dak\u00e1. \u010eal\u0161\u00edm d\u00f4le\u017eit\u00fdm faktorom na spr\u00e1vny rozbeh d\u0148a je rann\u00e1 rozcvi\u010dka, pri ktorej cviky na seba nadv\u00e4zuj\u00fa. Napl\u00e1noven\u00e9 aktivity za\u010d\u00edname 8:15, a teda pr\u00edchod by mal by\u0165 do tejto hodiny. Absenciu die\u0165a\u0165a je potrebn\u00e9 nahl\u00e1si\u0165 telefonicky alebo SMS najnesk\u00f4r do 7:30 hod. kv\u00f4li odhl\u00e1seniu stravy.<\/p>\n<ul>\n<li>Od <strong>7:00<\/strong> za\u010diatok prev\u00e1dzky<\/li>\n<li><strong>7:00-8:15<\/strong> pr\u00edchod det\u00ed, hry<\/li>\n<li><strong>8:15-8:30<\/strong> rann\u00fd kruh, rozcvi\u010dka<\/li>\n<li><strong>8:30-8:50<\/strong> hygiena, desiata, hygiena<\/li>\n<li><strong>8:50-9:50<\/strong> V\u00fdchovno-vzdel\u00e1vacie, z\u00e1ujmov\u00e9 aktivity (pod\u013aa t\u00fd\u017edenn\u00fdch t\u00e9matick\u00fdch okruhov)<\/li>\n<li><strong>9:50-10:00<\/strong> hygiena, pr\u00edprava det\u00ed na pobyt vonku<\/li>\n<li><strong>10:00-11:30<\/strong> pobyt vonku ( v pr\u00edpade nepriazniv\u00e9ho po\u010dasia hrov\u00e9 \u010dinnosti v triedach)<\/li>\n<li><strong>11:30-12:00<\/strong> \u2013 hygiena, obed, hygiena<\/li>\n<li><strong>12:00-14:00<\/strong> Sp\u00e1nok<\/li>\n<li><strong>14:00-14:30<\/strong> hygiena, olovrant, hygiena<\/li>\n<li><strong>14:30-17:00<\/strong> z\u00e1ujmov\u00e9, pohybov\u00e9 a v\u00fdchovno-vzdel\u00e1vacie aktivity pod\u013ea po\u010dasia vn\u00fatri i vonku, odchod det\u00ed<\/li>\n<li>O <strong>17:00<\/strong> koniec prev\u00e1dzky<\/li>\n<\/ul>\n<hr>\n<h3 style=\"color: #f16c20;\">Rann\u00fd filter<\/h3>\n<p>Pani u\u010dite\u013eka pri prij\u00edman\u00ed die\u0165a\u0165a rob\u00ed rann\u00fd filter. V\u0161ima si, ak\u00e9 je jeho d\u00fdchanie, \u010di nem\u00e1 zelen\u00fd v\u00fdtok z nosa, ka\u0161el, zap\u00e1len\u00e9 o\u010di alebo infek\u010dn\u00e9 vyr\u00e1\u017eky. V pr\u00edpade, \u017ee nejak\u00fd pr\u00edznak spozoruje, die\u0165a nem\u00f4\u017ee do kolekt\u00edvu prija\u0165. Ked\u017ee pani u\u010dite\u013eky nie s\u00fa zdravotn\u00fd pracovn\u00edk, nie s\u00fa opr\u00e1vnen\u00e9 ur\u010di\u0165 diagn\u00f3zu a v zariaden\u00ed pod\u00e1va\u0165 \u017eiadne lieky. Po upozornen\u00ed na niektor\u00fd zo spomenut\u00fdch pr\u00edznakov, die\u0165a pr\u00edjme a\u017e po vyjadren\u00ed pediatra, \u017ee je achopn\u00e9 nav\u0161tevova\u0165 kolekt\u00edv. Pokia\u013e die\u0165a ochorie po\u010das d\u0148a, pani u\u010dite\u013eka die\u0165a mus\u00ed odizovova\u0165 od ostatn\u00fdch det\u00ed, a bezodkladne privol\u00e1 rodi\u010da, aby si die\u0165a vyzdvihol.<\/p>\n<p><strong>Zoznam vec\u00ed, ktor\u00e9 zabezpe\u010d\u00edme:<\/strong><\/p>\n<ul>\n<li>Papierov\u00e9 serv\u00edtky<\/li>\n<li>Vlh\u010den\u00e9 utierky<\/li>\n<li>Kr\u00e9m na zado\u010dek<\/li>\n<li>Toaletn\u00fd papier<\/li>\n<li>Mydlo<\/li>\n<li>Poste\u013en\u00e9 pr\u00e1dlo (pridelen\u00e9 len v\u00e1\u0161mu die\u0165atku)<\/li>\n<li>Papl\u00f3n a vank\u00fa\u0161 ( pridelen\u00e9 len v\u00e1\u0161mu die\u0165atku)<\/li>\n<li>Uter\u00e1k ( pridelen\u00e9 len v\u00e1\u0161mu die\u0165atku)<\/li>\n<li>Z\u00e1steru na v\u00fdtvarn\u00fa v\u00fdchovu<\/li>\n<li>Podbradn\u00edk<\/li>\n<\/ul>\n<p><strong>\u010co potrebujete prinies\u0165 :<\/strong><\/p>\n<ul>\n<li>Papu\u010dky<\/li>\n<li>N\u00e1hradn\u00e9 oble\u010denie na prezle\u010denie<\/li>\n<li>Py\u017eamo<\/li>\n<li>Jednr\u00e1zov\u00e9 plienky (ak die\u0165a pou\u017e\u00edva)<\/li>\n<li>Zubn\u00fa kefku a pastu (u star\u0161\u00edch det\u00ed)<\/li>\n<li>Doj\u010densk\u00fa fla\u0161u a cuml\u00edk ( pod\u013ea potreby)<\/li>\n<li>k\u00f3piu karti\u010dky poistenca<\/li>\n<\/ul>\n<p>Ka\u017ed\u00e9 die\u0165a m\u00e1 pridelen\u00fa svoju skrinku, v ktorej m\u00e1 odlo\u017een\u00e9 svoje n\u00e1hradn\u00e9 veci.<\/p>\n<hr>\n<h3 style=\"color: #f16c20;\">Adapt\u00e1cia die\u0165a\u0165a<\/h3>\n<p><strong>Predadapta\u010dn\u00fd proces<\/strong> \u2013 neform\u00e1lne stretnutie s pani u\u010dite\u013ekami a pani riadite\u013ekou. Tento proces sl\u00fa\u017ei na v\u00fdmenu inform\u00e1ci\u00ed e\u0161te pred n\u00e1stupom.<\/p>\n<p><strong>Adapta\u010dn\u00fd proces<\/strong> \u2013 individu\u00e1lne vytvoren\u00fd na mieru potrieb ka\u017ed\u00e9ho \u010fie\u0165a\u0165a. Sustred\u00edme sa na \u00faspe\u0161n\u00e9 odl\u00fa\u010denie od rodi\u010dov tak, aby die\u0165a chodilo do zariadenia ka\u017ed\u00fd de\u0148 s rados\u0165ou. Adapta\u010dn\u00fd proces trv\u00e1 v priemere 3 t\u00fd\u017edne, treba v\u0161ak podotkn\u00fa\u0165, \u017ee jeho dl\u017eku a intenzitu nevieme ur\u010di\u0165 presne, nako\u013eko u ka\u017ed\u00e9ho die\u0165a\u0165a je to ve\u013emi individu\u00e1lne.<\/p>\n<ul>\n<li>Prv\u00fd t\u00fd\u017ede\u0148 \u2013 die\u0165a sa oboznamuje s prostred\u00edm a dost\u00e1va sa do role pozorovate\u013ea. Nepok\u00fa\u0161a sa nadvezova\u0165 prvotn\u00fd kontakt s rovesn\u00edkmi. Oporn\u00fd bod prv\u00e9 dni pre neho tvor\u00ed pani u\u010dite\u013eka. Prv\u00fd de\u0148 je die\u0165a\u0165ko v zariaden\u00ed cca 2 hodinky a postupne sa pobyt predl\u017euje po dohode s pani u\u010dite\u013ekami.<\/li>\n<li>Druh\u00fd t\u00fd\u017ede\u0148 \u2013 die\u0165a sa sna\u017ei up\u00fata\u0165 pozornos\u0165, za\u010d\u00edna uskuto\u010dnova\u0165 prv\u00e9 kontakty s rovesn\u00edkmi a pomaly sa zap\u00e1ja do hry. Za\u010d\u00edna si zvyka\u0165 na re\u017eim pravidl\u00e1 zariadenia.<\/li>\n<li>Tret\u00ed t\u00fd\u017ede\u0148 \u2013 die\u0165a je v kolekt\u00edve istej\u0161ie. Zauj\u00edma sa o aktivity a prij\u00edma plnohodnotne svoj\u00edch rovesn\u00edkov.<\/li>\n<\/ul>\n<p><strong>Postadapta\u010dn\u00fd proces<\/strong> \u2013 pravideln\u00e1 komunik\u00e1cia s rodi\u010dmi pri preberan\u00ed a odovzd\u00e1van\u00ed die\u0165a\u0165a. Prehlad o aktivit\u00e1ch t\u00fd\u017ed\u0148a s obr\u00e1zkovou dokument\u00e1ciou na webov\u00fdch str\u00e1nkach.<\/p>\n<hr>\n<h3 style=\"color: #f16c20;\">Dokumenty na stiahnutie:<\/h3>\n","protected":false},"excerpt":{"rendered":"<p>Denn\u00fd program Pravideln\u00fd denn\u00fd program zah\u0155\u0148a hru, hrov\u00e9 aktivity, pohybov\u00e9 cvi\u010denie, pobyt vonku, odpo\u010dinok a eduka\u010dn\u00e9 \u010dinnosti. Deti si v podnetnom prostred\u00ed zariadenia m\u00f4\u017eu zdokonalova\u0165 svoje praktick\u00e9 zru\u010dnosti. Pom\u00e1hame im navykn\u00fa\u0165 si na poriadok a \u010dinnosti ka\u017edodenn\u00e9ho re\u017eimu. Zdokona\u013euj\u00fa si jemn\u00fa motoriku, ovl\u00e1danie svojich pohybov, ro\u00fdv\u00edjanie osobnostn\u00fdch a soci\u00e1lnych kompetenci\u00ed. V\u010dasn\u00e9 rann\u00e9 pr\u00edchody s\u00fa ve\u013emi<a class=\"moretag\" href=\"https:\/\/jaslesvetluska.sk\/?page_id=125\"><span class=\"screen-reader-text\">Pre\u010d\u00edtajte si viac o Pre rodi\u010dov<\/span>[&#8230;]<\/a><\/p>\n","protected":false},"author":1,"featured_media":0,"parent":0,"menu_order":0,"comment_status":"closed","ping_status":"closed","template":"template-fullwidth.php","meta":{"_monsterinsights_skip_tracking":false,"_monsterinsights_sitenote_active":false,"_monsterinsights_sitenote_note":"","_monsterinsights_sitenote_category":0,"ngg_post_thumbnail":0,"footnotes":""},"class_list":["post-125","page","type-page","status-publish","hentry"],"yoast_head":"<!-- This site is optimized with the Yoast SEO plugin v25.0 - https:\/\/yoast.com\/wordpress\/plugins\/seo\/ -->\n<title>Pre rodi\u010dov - S\u00fakromn\u00e9 jasle so \u0161k\u00f4lkou Svetlu\u0161ka<\/title>\n<meta name=\"robots\" content=\"index, follow, max-snippet:-1, max-image-preview:large, max-video-preview:-1\" \/>\n<link rel=\"canonical\" href=\"https:\/\/jaslesvetluska.sk\/?page_id=125\" \/>\n<meta property=\"og:locale\" content=\"sk_SK\" \/>\n<meta property=\"og:type\" content=\"article\" \/>\n<meta property=\"og:title\" content=\"Pre rodi\u010dov - S\u00fakromn\u00e9 jasle so \u0161k\u00f4lkou Svetlu\u0161ka\" \/>\n<meta property=\"og:description\" content=\"Denn\u00fd program Pravideln\u00fd denn\u00fd program zah\u0155\u0148a hru, hrov\u00e9 aktivity, pohybov\u00e9 cvi\u010denie, pobyt vonku, odpo\u010dinok a eduka\u010dn\u00e9 \u010dinnosti. Deti si v podnetnom prostred\u00ed zariadenia m\u00f4\u017eu zdokonalova\u0165 svoje praktick\u00e9 zru\u010dnosti. Pom\u00e1hame im navykn\u00fa\u0165 si na poriadok a \u010dinnosti ka\u017edodenn\u00e9ho re\u017eimu. Zdokona\u013euj\u00fa si jemn\u00fa motoriku, ovl\u00e1danie svojich pohybov, ro\u00fdv\u00edjanie osobnostn\u00fdch a soci\u00e1lnych kompetenci\u00ed. V\u010dasn\u00e9 rann\u00e9 pr\u00edchody s\u00fa ve\u013emiPre\u010d\u00edtajte si viac o Pre rodi\u010dov[...]\" \/>\n<meta property=\"og:url\" content=\"https:\/\/jaslesvetluska.sk\/?page_id=125\" \/>\n<meta property=\"og:site_name\" content=\"S\u00fakromn\u00e9 jasle so \u0161k\u00f4lkou Svetlu\u0161ka\" \/>\n<meta property=\"article:modified_time\" content=\"2024-06-09T15:30:15+00:00\" \/>\n<meta name=\"twitter:card\" content=\"summary_large_image\" \/>\n<meta name=\"twitter:label1\" content=\"Predpokladan\u00fd \u010das \u010d\u00edtania\" \/>\n\t<meta name=\"twitter:data1\" content=\"4 min\u00faty\" \/>\n<script type=\"application\/ld+json\" class=\"yoast-schema-graph\">{\"@context\":\"https:\/\/schema.org\",\"@graph\":[{\"@type\":\"WebPage\",\"@id\":\"https:\/\/jaslesvetluska.sk\/?page_id=125\",\"url\":\"https:\/\/jaslesvetluska.sk\/?page_id=125\",\"name\":\"Pre rodi\u010dov - S\u00fakromn\u00e9 jasle so \u0161k\u00f4lkou Svetlu\u0161ka\",\"isPartOf\":{\"@id\":\"https:\/\/jaslesvetluska.sk\/#website\"},\"datePublished\":\"2024-06-09T15:18:30+00:00\",\"dateModified\":\"2024-06-09T15:30:15+00:00\",\"breadcrumb\":{\"@id\":\"https:\/\/jaslesvetluska.sk\/?page_id=125#breadcrumb\"},\"inLanguage\":\"sk-SK\",\"potentialAction\":[{\"@type\":\"ReadAction\",\"target\":[\"https:\/\/jaslesvetluska.sk\/?page_id=125\"]}]},{\"@type\":\"BreadcrumbList\",\"@id\":\"https:\/\/jaslesvetluska.sk\/?page_id=125#breadcrumb\",\"itemListElement\":[{\"@type\":\"ListItem\",\"position\":1,\"name\":\"Home\",\"item\":\"https:\/\/jaslesvetluska.sk\/\"},{\"@type\":\"ListItem\",\"position\":2,\"name\":\"Pre rodi\u010dov\"}]},{\"@type\":\"WebSite\",\"@id\":\"https:\/\/jaslesvetluska.sk\/#website\",\"url\":\"https:\/\/jaslesvetluska.sk\/\",\"name\":\"S\u00fakromn\u00e9 jasle so \u0161k\u00f4lkou Svetlu\u0161ka\",\"description\":\"\",\"potentialAction\":[{\"@type\":\"SearchAction\",\"target\":{\"@type\":\"EntryPoint\",\"urlTemplate\":\"https:\/\/jaslesvetluska.sk\/?s={search_term_string}\"},\"query-input\":{\"@type\":\"PropertyValueSpecification\",\"valueRequired\":true,\"valueName\":\"search_term_string\"}}],\"inLanguage\":\"sk-SK\"}]}<\/script>\n<!-- \/ Yoast SEO plugin. -->","yoast_head_json":{"title":"Pre rodi\u010dov - S\u00fakromn\u00e9 jasle so \u0161k\u00f4lkou Svetlu\u0161ka","robots":{"index":"index","follow":"follow","max-snippet":"max-snippet:-1","max-image-preview":"max-image-preview:large","max-video-preview":"max-video-preview:-1"},"canonical":"https:\/\/jaslesvetluska.sk\/?page_id=125","og_locale":"sk_SK","og_type":"article","og_title":"Pre rodi\u010dov - S\u00fakromn\u00e9 jasle so \u0161k\u00f4lkou Svetlu\u0161ka","og_description":"Denn\u00fd program Pravideln\u00fd denn\u00fd program zah\u0155\u0148a hru, hrov\u00e9 aktivity, pohybov\u00e9 cvi\u010denie, pobyt vonku, odpo\u010dinok a eduka\u010dn\u00e9 \u010dinnosti. Deti si v podnetnom prostred\u00ed zariadenia m\u00f4\u017eu zdokonalova\u0165 svoje praktick\u00e9 zru\u010dnosti. Pom\u00e1hame im navykn\u00fa\u0165 si na poriadok a \u010dinnosti ka\u017edodenn\u00e9ho re\u017eimu. Zdokona\u013euj\u00fa si jemn\u00fa motoriku, ovl\u00e1danie svojich pohybov, ro\u00fdv\u00edjanie osobnostn\u00fdch a soci\u00e1lnych kompetenci\u00ed. V\u010dasn\u00e9 rann\u00e9 pr\u00edchody s\u00fa ve\u013emiPre\u010d\u00edtajte si viac o Pre rodi\u010dov[...]","og_url":"https:\/\/jaslesvetluska.sk\/?page_id=125","og_site_name":"S\u00fakromn\u00e9 jasle so \u0161k\u00f4lkou Svetlu\u0161ka","article_modified_time":"2024-06-09T15:30:15+00:00","twitter_card":"summary_large_image","twitter_misc":{"Predpokladan\u00fd \u010das \u010d\u00edtania":"4 min\u00faty"},"schema":{"@context":"https:\/\/schema.org","@graph":[{"@type":"WebPage","@id":"https:\/\/jaslesvetluska.sk\/?page_id=125","url":"https:\/\/jaslesvetluska.sk\/?page_id=125","name":"Pre rodi\u010dov - S\u00fakromn\u00e9 jasle so \u0161k\u00f4lkou Svetlu\u0161ka","isPartOf":{"@id":"https:\/\/jaslesvetluska.sk\/#website"},"datePublished":"2024-06-09T15:18:30+00:00","dateModified":"2024-06-09T15:30:15+00:00","breadcrumb":{"@id":"https:\/\/jaslesvetluska.sk\/?page_id=125#breadcrumb"},"inLanguage":"sk-SK","potentialAction":[{"@type":"ReadAction","target":["https:\/\/jaslesvetluska.sk\/?page_id=125"]}]},{"@type":"BreadcrumbList","@id":"https:\/\/jaslesvetluska.sk\/?page_id=125#breadcrumb","itemListElement":[{"@type":"ListItem","position":1,"name":"Home","item":"https:\/\/jaslesvetluska.sk\/"},{"@type":"ListItem","position":2,"name":"Pre rodi\u010dov"}]},{"@type":"WebSite","@id":"https:\/\/jaslesvetluska.sk\/#website","url":"https:\/\/jaslesvetluska.sk\/","name":"S\u00fakromn\u00e9 jasle so \u0161k\u00f4lkou Svetlu\u0161ka","description":"","potentialAction":[{"@type":"SearchAction","target":{"@type":"EntryPoint","urlTemplate":"https:\/\/jaslesvetluska.sk\/?s={search_term_string}"},"query-input":{"@type":"PropertyValueSpecification","valueRequired":true,"valueName":"search_term_string"}}],"inLanguage":"sk-SK"}]}},"_links":{"self":[{"href":"https:\/\/jaslesvetluska.sk\/index.php?rest_route=\/wp\/v2\/pages\/125","targetHints":{"allow":["GET"]}}],"collection":[{"href":"https:\/\/jaslesvetluska.sk\/index.php?rest_route=\/wp\/v2\/pages"}],"about":[{"href":"https:\/\/jaslesvetluska.sk\/index.php?rest_route=\/wp\/v2\/types\/page"}],"author":[{"embeddable":true,"href":"https:\/\/jaslesvetluska.sk\/index.php?rest_route=\/wp\/v2\/users\/1"}],"replies":[{"embeddable":true,"href":"https:\/\/jaslesvetluska.sk\/index.php?rest_route=%2Fwp%2Fv2%2Fcomments&post=125"}],"version-history":[{"count":6,"href":"https:\/\/jaslesvetluska.sk\/index.php?rest_route=\/wp\/v2\/pages\/125\/revisions"}],"predecessor-version":[{"id":150,"href":"https:\/\/jaslesvetluska.sk\/index.php?rest_route=\/wp\/v2\/pages\/125\/revisions\/150"}],"wp:attachment":[{"href":"https:\/\/jaslesvetluska.sk\/index.php?rest_route=%2Fwp%2Fv2%2Fmedia&parent=125"}],"curies":[{"name":"wp","href":"https:\/\/api.w.org\/{rel}","templated":true}]}}